{"id":163,"date":"2025-01-10T20:04:38","date_gmt":"2025-01-10T19:04:38","guid":{"rendered":"https:\/\/onaireventos.com\/?page_id=163"},"modified":"2025-01-10T20:07:05","modified_gmt":"2025-01-10T19:07:05","slug":"team-building","status":"publish","type":"page","link":"https:\/\/onaireventos.com\/index.php\/team-building\/","title":{"rendered":"Team Building"},"content":{"rendered":"\t\t<div data-elementor-type=\"wp-page\" data-elementor-id=\"163\" class=\"elementor elementor-163\">\n\t\t\t\t<div class=\"elementor-element elementor-element-c55fd02 e-flex e-con-boxed e-con e-parent\" data-id=\"c55fd02\" data-element_type=\"container\">\n\t\t\t\t\t<div class=\"e-con-inner\">\n\t\t\t\t<div class=\"elementor-element elementor-element-e376356 elementor-widget elementor-widget-heading\" data-id=\"e376356\" data-element_type=\"widget\" data-widget_type=\"heading.default\">\n\t\t\t\t<div class=\"elementor-widget-container\">\n\t\t\t\t\t<h2 class=\"elementor-heading-title elementor-size-default\">Actividades de team building para empresas<\/h2>\t\t\t\t<\/div>\n\t\t\t\t<\/div>\n\t\t\t\t\t<\/div>\n\t\t\t\t<\/div>\n\t\t<div class=\"elementor-element elementor-element-3a4543b e-flex e-con-boxed e-con e-parent\" data-id=\"3a4543b\" data-element_type=\"container\">\n\t\t\t\t\t<div class=\"e-con-inner\">\n\t\t\t\t<div class=\"elementor-element elementor-element-b09b2f1 elementor-widget elementor-widget-text-editor\" data-id=\"b09b2f1\" data-element_type=\"widget\" data-widget_type=\"text-editor.default\">\n\t\t\t\t<div class=\"elementor-widget-container\">\n\t\t\t\t\t\t\t\t\t<p>Las actividades de team building son fundamentales para fomentar una cultura de colaboraci\u00f3n y cohesi\u00f3n entre los miembros de un equipo. Estas actividades no solo contribuyen al desarrollo de habilidades interpersonales, sino que tambi\u00e9n promueven un ambiente de trabajo saludable y productivo. A continuaci\u00f3n, se presentan algunas de las actividades m\u00e1s efectivas para empresas:<br \/><br \/><strong>1. Talleres de Comunicaci\u00f3n Efectiva<\/strong><br \/><br \/>Los talleres de comunicaci\u00f3n son esenciales para mejorar la interacci\u00f3n entre los empleados. A trav\u00e9s de din\u00e1micas grupales y ejercicios pr\u00e1cticos, los participantes pueden aprender a expresar sus ideas de manera clara y a escuchar activamente a sus compa\u00f1eros. Esto no solo mejora el flujo de trabajo, sino que tambi\u00e9n reduce malentendidos y conflictos.<br \/><br \/><strong>2. Retos de Supervivencia<\/strong><br \/><br \/>Organizar un reto de supervivencia, ya sea en un entorno natural o en un espacio urbano, puede ser una experiencia emocionante para los equipos. Estas actividades requieren que los participantes trabajen juntos para resolver problemas, tomar decisiones cruciales y superar desaf\u00edos. Fomentan la confianza y el liderazgo, as\u00ed como el fortalecimiento de los lazos entre los miembros del equipo.<br \/><br \/><strong>3. Proyectos de Voluntariado<\/strong><br \/><br \/>El voluntariado corporativo es una excelente forma de unir a los empleados mientras contribuyen a una causa social. Organizar jornadas de limpieza, actividades en comedores comunitarios o colaboraciones con organizaciones sin fines de lucro permite a los empleados trabajar en equipo fuera del \u00e1mbito laboral. Este tipo de actividades no solo mejora el esp\u00edritu de equipo, sino que tambi\u00e9n eleva la moral al contribuir a una causa mayor.<br \/><br \/><strong>4. Escape Rooms<\/strong><br \/><br \/>Los escape rooms son una opci\u00f3n popular para actividades de team building. En estos espacios, los equipos deben resolver acertijos y encontrar pistas para \u00abescapar\u00bb en un tiempo determinado. Esta din\u00e1mica promueve el pensamiento cr\u00edtico, la creatividad y la capacidad de trabajar bajo presi\u00f3n, todo mientras se divierten.<br \/><br \/><strong>5. Actividades de Deportes en Equipo<\/strong><br \/><br \/>El deporte es una forma efectiva de promover el trabajo en equipo y la competitividad saludable. Organizar torneos de f\u00fatbol, baloncesto o incluso juegos de mesa puede ayudar a los empleados a interactuar en un entorno diferente, reforzando las relaciones laborales y creando un sentido de pertenencia.<br \/><br \/><strong>Conclusi\u00f3n<\/strong><br \/><br \/>Las actividades de team building son una inversi\u00f3n valiosa para cualquier empresa. Al fomentar la colaboraci\u00f3n, la comunicaci\u00f3n y el compromiso entre los empleados, estas actividades no solo aumentan la productividad, sino que tambi\u00e9n contribuyen a un ambiente de trabajo positivo. Es fundamental elegir actividades que se alineen con la cultura de la empresa y los intereses de los empleados para maximizar su efectividad.<\/p>\t\t\t\t\t\t\t\t<\/div>\n\t\t\t\t<\/div>\n\t\t\t\t\t<\/div>\n\t\t\t\t<\/div>\n\t\t\t\t<\/div>\n\t\t","protected":false},"excerpt":{"rendered":"<p> [&hellip;]<\/p>\n","protected":false},"author":2,"featured_media":0,"parent":0,"menu_order":0,"comment_status":"closed","ping_status":"closed","template":"","meta":{"footnotes":""},"class_list":["post-163","page","type-page","status-publish","hentry"],"_links":{"self":[{"href":"https:\/\/onaireventos.com\/index.php\/wp-json\/wp\/v2\/pages\/163","targetHints":{"allow":["GET"]}}],"collection":[{"href":"https:\/\/onaireventos.com\/index.php\/wp-json\/wp\/v2\/pages"}],"about":[{"href":"https:\/\/onaireventos.com\/index.php\/wp-json\/wp\/v2\/types\/page"}],"author":[{"embeddable":true,"href":"https:\/\/onaireventos.com\/index.php\/wp-json\/wp\/v2\/users\/2"}],"replies":[{"embeddable":true,"href":"https:\/\/onaireventos.com\/index.php\/wp-json\/wp\/v2\/comments?post=163"}],"version-history":[{"count":4,"href":"https:\/\/onaireventos.com\/index.php\/wp-json\/wp\/v2\/pages\/163\/revisions"}],"predecessor-version":[{"id":167,"href":"https:\/\/onaireventos.com\/index.php\/wp-json\/wp\/v2\/pages\/163\/revisions\/167"}],"wp:attachment":[{"href":"https:\/\/onaireventos.com\/index.php\/wp-json\/wp\/v2\/media?parent=163"}],"curies":[{"name":"wp","href":"https:\/\/api.w.org\/{rel}","templated":true}]}}