{"id":184,"date":"2025-01-11T11:07:09","date_gmt":"2025-01-11T10:07:09","guid":{"rendered":"https:\/\/onaireventos.com\/?page_id=184"},"modified":"2025-01-11T11:09:28","modified_gmt":"2025-01-11T10:09:28","slug":"organizacion-de-actos-institucionales","status":"publish","type":"page","link":"https:\/\/onaireventos.com\/index.php\/organizacion-de-actos-institucionales\/","title":{"rendered":"Organizaci\u00f3n de actos institucionales"},"content":{"rendered":"\t\t<div data-elementor-type=\"wp-page\" data-elementor-id=\"184\" class=\"elementor elementor-184\">\n\t\t\t\t<div class=\"elementor-element elementor-element-2b6cdf7 e-flex e-con-boxed e-con e-parent\" data-id=\"2b6cdf7\" data-element_type=\"container\">\n\t\t\t\t\t<div class=\"e-con-inner\">\n\t\t\t\t<div class=\"elementor-element elementor-element-c16ae4e elementor-widget elementor-widget-heading\" data-id=\"c16ae4e\" data-element_type=\"widget\" data-widget_type=\"heading.default\">\n\t\t\t\t<div class=\"elementor-widget-container\">\n\t\t\t\t\t<h2 class=\"elementor-heading-title elementor-size-default\">Organizaci\u00f3n de actos institucionales<\/h2>\t\t\t\t<\/div>\n\t\t\t\t<\/div>\n\t\t\t\t\t<\/div>\n\t\t\t\t<\/div>\n\t\t<div class=\"elementor-element elementor-element-9d83ed0 e-flex e-con-boxed e-con e-parent\" data-id=\"9d83ed0\" data-element_type=\"container\">\n\t\t\t\t\t<div class=\"e-con-inner\">\n\t\t\t\t<div class=\"elementor-element elementor-element-9fc815b elementor-widget elementor-widget-text-editor\" data-id=\"9fc815b\" data-element_type=\"widget\" data-widget_type=\"text-editor.default\">\n\t\t\t\t<div class=\"elementor-widget-container\">\n\t\t\t\t\t\t\t\t\t<p>La organizaci\u00f3n de actos institucionales es un proceso fundamental para cualquier entidad, ya sea p\u00fablica o privada. Estos eventos no solo representan una oportunidad para promover la misi\u00f3n y los valores de la instituci\u00f3n, sino que tambi\u00e9n sirven para fortalecer las relaciones con la comunidad, fomentar el trabajo en equipo y reconocer logros importantes.<br \/><br \/>A continuaci\u00f3n, se detalla un enfoque estructurado para la planificaci\u00f3n de actos institucionales:<br \/><br \/><strong>1. Definici\u00f3n de Objetivos<\/strong><\/p><p>El primer paso en la organizaci\u00f3n de un acto institucional es definir claramente los objetivos del evento. Estos pueden incluir la celebraci\u00f3n de un aniversario, la presentaci\u00f3n de un informe, la entrega de premios o la promoci\u00f3n de un nuevo proyecto. La definici\u00f3n de objetivos permitir\u00e1 orientar todas las decisiones posteriores.<br \/><br \/><strong>2. Formaci\u00f3n de un Comit\u00e9 Organizador<\/strong><\/p><p>Es recomendable constituir un comit\u00e9 organizador que est\u00e9 compuesto por representantes de diferentes \u00e1reas de la instituci\u00f3n. Este grupo ser\u00e1 responsable de la coordinaci\u00f3n general del evento y de tomar decisiones sobre aspectos clave como el presupuesto, el lugar, la log\u00edstica y la promoci\u00f3n.<br \/><br \/><strong>3. Selecci\u00f3n de la Fecha y el Lugar<\/strong><\/p><p>Elegir una fecha adecuada es crucial. Se debe considerar la disponibilidad de los asistentes clave, as\u00ed como posibles conflictos con otras actividades. El lugar del evento debe ser accesible y adecuado para el n\u00famero de participantes esperados, as\u00ed como para el tipo de acto a realizar.<br \/><br \/><strong>4. Dise\u00f1o del Programa<\/strong><\/p><p>Un programa bien estructurado es fundamental para el \u00e9xito del evento. Este debe incluir la secuencia de actividades, los oradores, los tiempos asignados y los intervalos necesarios. Es importante asegurar que el contenido sea relevante y atractivo para la audiencia.<br \/><br \/><strong>5. Log\u00edstica y Recursos<\/strong><\/p><p>La log\u00edstica abarca m\u00faltiples aspectos, como el transporte, la tecnolog\u00eda (audiovisuales, sistemas de sonido), catering y decoraci\u00f3n. Es vital asegurar que todos los recursos est\u00e9n disponibles y en funcionamiento el d\u00eda del evento.<br \/><br \/><strong>6. Promoci\u00f3n del Evento<\/strong><\/p><p>Para garantizar una adecuada participaci\u00f3n, se deben desarrollar estrategias de promoci\u00f3n. Esto puede incluir la creaci\u00f3n de invitaciones formales, la difusi\u00f3n a trav\u00e9s de medios digitales y la colaboraci\u00f3n con prensa local.<br \/><br \/><strong>7. Evaluaci\u00f3n Post-Evento<\/strong><\/p><p>Una vez concluido el acto, es recomendable llevar a cabo una evaluaci\u00f3n que contemple lo que funcion\u00f3 bien y las \u00e1reas de mejora. Esto permitir\u00e1 a la instituci\u00f3n aprender de la experiencia y aplicar las lecciones en futuros eventos.<br \/><br \/>En resumen, la organizaci\u00f3n de actos institucionales requiere una planificaci\u00f3n meticulosa y un enfoque colaborativo. Al seguir estos pasos, las instituciones pueden asegurar que sus eventos no solo se realicen de manera exitosa, sino que tambi\u00e9n logren sus objetivos comunicativos y de relaci\u00f3n con la comunidad.<\/p>\t\t\t\t\t\t\t\t<\/div>\n\t\t\t\t<\/div>\n\t\t\t\t\t<\/div>\n\t\t\t\t<\/div>\n\t\t\t\t<\/div>\n\t\t","protected":false},"excerpt":{"rendered":"<p> [&hellip;]<\/p>\n","protected":false},"author":2,"featured_media":0,"parent":0,"menu_order":0,"comment_status":"closed","ping_status":"closed","template":"","meta":{"footnotes":""},"class_list":["post-184","page","type-page","status-publish","hentry"],"_links":{"self":[{"href":"https:\/\/onaireventos.com\/index.php\/wp-json\/wp\/v2\/pages\/184","targetHints":{"allow":["GET"]}}],"collection":[{"href":"https:\/\/onaireventos.com\/index.php\/wp-json\/wp\/v2\/pages"}],"about":[{"href":"https:\/\/onaireventos.com\/index.php\/wp-json\/wp\/v2\/types\/page"}],"author":[{"embeddable":true,"href":"https:\/\/onaireventos.com\/index.php\/wp-json\/wp\/v2\/users\/2"}],"replies":[{"embeddable":true,"href":"https:\/\/onaireventos.com\/index.php\/wp-json\/wp\/v2\/comments?post=184"}],"version-history":[{"count":4,"href":"https:\/\/onaireventos.com\/index.php\/wp-json\/wp\/v2\/pages\/184\/revisions"}],"predecessor-version":[{"id":188,"href":"https:\/\/onaireventos.com\/index.php\/wp-json\/wp\/v2\/pages\/184\/revisions\/188"}],"wp:attachment":[{"href":"https:\/\/onaireventos.com\/index.php\/wp-json\/wp\/v2\/media?parent=184"}],"curies":[{"name":"wp","href":"https:\/\/api.w.org\/{rel}","templated":true}]}}