{"id":210,"date":"2025-01-18T14:08:19","date_gmt":"2025-01-18T13:08:19","guid":{"rendered":"https:\/\/onaireventos.com\/?page_id=210"},"modified":"2025-01-18T14:10:29","modified_gmt":"2025-01-18T13:10:29","slug":"organizacion-de-inauguraciones-empresariales","status":"publish","type":"page","link":"https:\/\/onaireventos.com\/index.php\/organizacion-de-inauguraciones-empresariales\/","title":{"rendered":"Organizaci\u00f3n de inauguraciones empresariales"},"content":{"rendered":"\t\t<div data-elementor-type=\"wp-page\" data-elementor-id=\"210\" class=\"elementor elementor-210\">\n\t\t\t\t<div class=\"elementor-element elementor-element-d09911d e-flex e-con-boxed e-con e-parent\" data-id=\"d09911d\" data-element_type=\"container\">\n\t\t\t\t\t<div class=\"e-con-inner\">\n\t\t\t\t<div class=\"elementor-element elementor-element-507435e elementor-widget elementor-widget-heading\" data-id=\"507435e\" data-element_type=\"widget\" data-widget_type=\"heading.default\">\n\t\t\t\t<div class=\"elementor-widget-container\">\n\t\t\t\t\t<h2 class=\"elementor-heading-title elementor-size-default\">Organizaci\u00f3n de inauguraciones empresariales<\/h2>\t\t\t\t<\/div>\n\t\t\t\t<\/div>\n\t\t\t\t\t<\/div>\n\t\t\t\t<\/div>\n\t\t<div class=\"elementor-element elementor-element-656775c e-flex e-con-boxed e-con e-parent\" data-id=\"656775c\" data-element_type=\"container\">\n\t\t\t\t\t<div class=\"e-con-inner\">\n\t\t\t\t<div class=\"elementor-element elementor-element-75c5348 elementor-widget elementor-widget-text-editor\" data-id=\"75c5348\" data-element_type=\"widget\" data-widget_type=\"text-editor.default\">\n\t\t\t\t<div class=\"elementor-widget-container\">\n\t\t\t\t\t\t\t\t\t<p>La inauguraci\u00f3n de una empresa es un evento significativo que no solo marca el inicio de operaciones, sino que tambi\u00e9n establece la imagen y reputaci\u00f3n de la organizaci\u00f3n en la comunidad. La correcta planificaci\u00f3n y ejecuci\u00f3n de este evento es fundamental para garantizar su \u00e9xito. A continuaci\u00f3n, se presentan algunas pautas clave para la organizaci\u00f3n de inauguraciones empresariales.<br \/><br \/><strong>1. Definici\u00f3n de Objetivos<\/strong><br \/><br \/>Es esencial comenzar por definir los objetivos del evento. Estos pueden incluir generar visibilidad, establecer relaciones con la comunidad local, atraer a posibles clientes o inversores, y presentar productos o servicios. La claridad en los objetivos ayudar\u00e1 a guiar todas las decisiones subsecuentes.<br \/><br \/><strong>2. Presupuesto<\/strong><br \/><br \/>Un aspecto crucial en la organizaci\u00f3n de cualquier evento es el presupuesto. Es recomendable elaborar un desglose detallado de todos los gastos previstos, como alquiler de espacio, catering, decoraci\u00f3n, publicidad y materiales promocionales. Asegurarse de contar con un margen para imprevistos es igualmente importante.<br \/><br \/><strong>3. Selecci\u00f3n de la Ubicaci\u00f3n<\/strong><br \/><br \/>Elegir el lugar adecuado para la inauguraci\u00f3n es fundamental. Debe ser accesible, espacioso y alinearse con la imagen que se desea proyectar de la empresa. Adem\u00e1s, es importante verificar que el lugar cuente con los permisos y servicios necesarios para el tipo de evento que se va a realizar.<br \/><br \/><strong>4. Planificaci\u00f3n de la Agenda<\/strong><br \/><br \/>Una agenda bien estructurada es clave para mantener el inter\u00e9s de los asistentes. Esta puede incluir discursos de directivos, presentaciones de productos, actividades interactivas y tiempo para el networking. Es aconsejable designar a un maestro de ceremonias que gu\u00ede el evento y mantenga el flujo.<br \/><br \/><strong>5. Promoci\u00f3n del Evento<\/strong><br \/><br \/>La promoci\u00f3n es esencial para asegurar una buena asistencia. Se pueden emplear diversas estrategias, incluyendo el uso de redes sociales, newsletters, invitaciones personalizadas y anuncios en medios locales. Considerar la posibilidad de colaborar con influencers o medios de comunicaci\u00f3n para amplificar el alcance puede resultar beneficioso.<br \/><br \/><strong>6. Log\u00edstica y Decoraci\u00f3n<\/strong><br \/><br \/>La log\u00edstica abarca todos los aspectos operativos del evento, desde el montaje hasta el desmontaje. Es vital coordinar con los proveedores de catering, equipo audiovisual y decoraci\u00f3n. La ambientaci\u00f3n debe reflejar la identidad de la empresa y crear un ambiente acogedor y profesional.<br \/><br \/><strong>7. Post-Evento<\/strong><br \/><br \/>Finalmente, tras la celebraci\u00f3n, es recomendable llevar a cabo un seguimiento. Esto puede incluir el env\u00edo de agradecimientos a los asistentes, la recopilaci\u00f3n de comentarios y la evaluaci\u00f3n del evento en relaci\u00f3n a los objetivos planteados. Este an\u00e1lisis permitir\u00e1 identificar oportunidades de mejora para futuros eventos.<br \/><br \/><strong>Conclusi\u00f3n<\/strong><br \/><br \/>La organizaci\u00f3n de inauguraciones empresariales es un proceso que requiere atenci\u00f3n al detalle y una planificaci\u00f3n meticulosa. Siguiendo estas pautas, las empresas podr\u00e1n no solo llevar a cabo una inauguraci\u00f3n exitosa, sino tambi\u00e9n establecer una s\u00f3lida base para sus operaciones futuras. La impresi\u00f3n que se genere en este evento inicial puede tener un impacto duradero en la percepci\u00f3n de la empresa por parte de los clientes y la comunidad.<\/p>\t\t\t\t\t\t\t\t<\/div>\n\t\t\t\t<\/div>\n\t\t\t\t\t<\/div>\n\t\t\t\t<\/div>\n\t\t\t\t<\/div>\n\t\t","protected":false},"excerpt":{"rendered":"<p> [&hellip;]<\/p>\n","protected":false},"author":2,"featured_media":0,"parent":0,"menu_order":0,"comment_status":"closed","ping_status":"closed","template":"","meta":{"footnotes":""},"class_list":["post-210","page","type-page","status-publish","hentry"],"_links":{"self":[{"href":"https:\/\/onaireventos.com\/index.php\/wp-json\/wp\/v2\/pages\/210","targetHints":{"allow":["GET"]}}],"collection":[{"href":"https:\/\/onaireventos.com\/index.php\/wp-json\/wp\/v2\/pages"}],"about":[{"href":"https:\/\/onaireventos.com\/index.php\/wp-json\/wp\/v2\/types\/page"}],"author":[{"embeddable":true,"href":"https:\/\/onaireventos.com\/index.php\/wp-json\/wp\/v2\/users\/2"}],"replies":[{"embeddable":true,"href":"https:\/\/onaireventos.com\/index.php\/wp-json\/wp\/v2\/comments?post=210"}],"version-history":[{"count":4,"href":"https:\/\/onaireventos.com\/index.php\/wp-json\/wp\/v2\/pages\/210\/revisions"}],"predecessor-version":[{"id":214,"href":"https:\/\/onaireventos.com\/index.php\/wp-json\/wp\/v2\/pages\/210\/revisions\/214"}],"wp:attachment":[{"href":"https:\/\/onaireventos.com\/index.php\/wp-json\/wp\/v2\/media?parent=210"}],"curies":[{"name":"wp","href":"https:\/\/api.w.org\/{rel}","templated":true}]}}